{"id":6,"date":"2019-04-03T12:00:45","date_gmt":"2019-04-03T10:00:45","guid":{"rendered":"http:\/\/www.energies-territoires.com\/?page_id=6"},"modified":"2021-02-12T14:30:52","modified_gmt":"2021-02-12T13:30:52","slug":"accueil","status":"publish","type":"page","link":"https:\/\/www.energies-territoires.com\/","title":{"rendered":"Accueil"},"content":{"rendered":"\t\t<div data-elementor-type=\"post\" data-elementor-id=\"6\" class=\"elementor elementor-6\" data-elementor-settings=\"[]\">\n\t\t\t<div class=\"elementor-inner\">\n\t\t\t\t<div class=\"elementor-section-wrap\">\n\t\t\t\t\t\t\t<section class=\"elementor-element elementor-element-b2a3aa9 elementor-section-boxed elementor-section-height-default elementor-section-height-default elementor-section elementor-top-section\" data-id=\"b2a3aa9\" data-element_type=\"section\">\n\t\t\t\t\t\t<div class=\"elementor-container elementor-column-gap-default\">\n\t\t\t\t<div class=\"elementor-row\">\n\t\t\t\t<div class=\"elementor-element elementor-element-a447ee9 elementor-column elementor-col-33 elementor-top-column\" data-id=\"a447ee9\" data-element_type=\"column\">\n\t\t\t<div class=\"elementor-column-wrap  elementor-element-populated\">\n\t\t\t\t\t<div class=\"elementor-widget-wrap\">\n\t\t\t\t<div class=\"elementor-element elementor-element-f5ea846 elementor-widget elementor-widget-text-editor\" data-id=\"f5ea846\" data-element_type=\"widget\" data-widget_type=\"text-editor.default\">\n\t\t\t\t<div class=\"elementor-widget-container\">\n\t\t\t\t\t<div class=\"elementor-text-editor elementor-clearfix\"><p style=\"text-align: center;\"><i class=\"fas fa-landmark fa-5x\"><\/i><\/p>\n\n<h1>Collectivit\u00e9s, vous souhaitez acc\u00e9l\u00e9rer la transition \u00e9nerg\u00e9tique sur votre territoire ?<\/h1>\nNous accompagnons les collectivit\u00e9s pour les aider \u00e0 identifier les actions les plus efficaces sur leur territoire pour atteindre leurs objectifs locaux li\u00e9s \u00e0 la transition \u00e9nerg\u00e9tique.<\/div>\n\t\t\t\t<\/div>\n\t\t\t\t<\/div>\n\t\t\t\t\t\t<\/div>\n\t\t\t<\/div>\n\t\t<\/div>\n\t\t\t\t<div class=\"elementor-element elementor-element-8889af8 elementor-column elementor-col-33 elementor-top-column\" data-id=\"8889af8\" data-element_type=\"column\">\n\t\t\t<div class=\"elementor-column-wrap  elementor-element-populated\">\n\t\t\t\t\t<div class=\"elementor-widget-wrap\">\n\t\t\t\t<div class=\"elementor-element elementor-element-b68b33e elementor-widget elementor-widget-text-editor\" data-id=\"b68b33e\" data-element_type=\"widget\" data-widget_type=\"text-editor.default\">\n\t\t\t\t<div class=\"elementor-widget-container\">\n\t\t\t\t\t<div class=\"elementor-text-editor elementor-clearfix\"><p style=\"text-align:center;\"><i class=\"fas fa-chess-knight fa-5x\"><\/i><\/p>\n<h2>Entrepreneur, vous souhaitez lever des fonds pour un projet entrepreneurial\u00a0 ?<\/h2>\nNous proposons une exp\u00e9rience unique combinant le fond (expertise technologique et march\u00e9 sur la transition \u00e9nerg\u00e9tique) et la forme attendue (\u00e9valuation de nombreux projets de cr\u00e9ation d&rsquo;entreprise). Nous pouvons vous aidez \u00e0 concevoir et r\u00e9diger votre dossier investisseur.<\/div>\n\t\t\t\t<\/div>\n\t\t\t\t<\/div>\n\t\t\t\t\t\t<\/div>\n\t\t\t<\/div>\n\t\t<\/div>\n\t\t\t\t<div class=\"elementor-element elementor-element-74f29eb elementor-column elementor-col-33 elementor-top-column\" data-id=\"74f29eb\" data-element_type=\"column\">\n\t\t\t<div class=\"elementor-column-wrap  elementor-element-populated\">\n\t\t\t\t\t<div class=\"elementor-widget-wrap\">\n\t\t\t\t<div class=\"elementor-element elementor-element-a5d6dbc elementor-widget elementor-widget-text-editor\" data-id=\"a5d6dbc\" data-element_type=\"widget\" data-widget_type=\"text-editor.default\">\n\t\t\t\t<div class=\"elementor-widget-container\">\n\t\t\t\t\t<div class=\"elementor-text-editor elementor-clearfix\"><p style=\"text-align:center;\"><i class=\"fas fa-chess-king fa-5x\"><\/i><\/p>\n<h2>Industriels, vous d\u00e9veloppez un projet d&rsquo;innovation ?<\/h2>\n<h2><span style=\"color: #fefefe; font-weight: 300; font-family: Roboto, Helvetica, Arial, sans-serif;\">Nous pouvons vous accro\u00eetre la capacit\u00e9 d&rsquo;adh\u00e9sion de votre projet (quantification de ses b\u00e9n\u00e9fices, positionnement dans la transition \u00e9nerg\u00e9tique, etc.)<\/span><\/h2>\n<div><\/div><\/div>\n\t\t\t\t<\/div>\n\t\t\t\t<\/div>\n\t\t\t\t\t\t<\/div>\n\t\t\t<\/div>\n\t\t<\/div>\n\t\t\t\t\t\t<\/div>\n\t\t\t<\/div>\n\t\t<\/section>\n\t\t\t\t<section class=\"elementor-element elementor-element-779086b elementor-section-boxed elementor-section-height-default elementor-section-height-default elementor-section elementor-top-section\" data-id=\"779086b\" data-element_type=\"section\">\n\t\t\t\t\t\t<div class=\"elementor-container elementor-column-gap-default\">\n\t\t\t\t<div class=\"elementor-row\">\n\t\t\t\t<div class=\"elementor-element elementor-element-679adc8 elementor-column elementor-col-33 elementor-top-column\" data-id=\"679adc8\" data-element_type=\"column\">\n\t\t\t<div class=\"elementor-column-wrap  elementor-element-populated\">\n\t\t\t\t\t<div class=\"elementor-widget-wrap\">\n\t\t\t\t<div class=\"elementor-element elementor-element-2fe492f elementor-button-success elementor-align-center elementor-widget elementor-widget-button\" data-id=\"2fe492f\" data-element_type=\"widget\" data-widget_type=\"button.default\">\n\t\t\t\t<div class=\"elementor-widget-container\">\n\t\t\t\t\t<div class=\"elementor-button-wrapper\">\n\t\t\t<a href=\"#contact\" class=\"elementor-button-link elementor-button elementor-size-sm\" role=\"button\">\n\t\t\t\t\t\t<span class=\"elementor-button-content-wrapper\">\n\t\t\t\t\t\t<span class=\"elementor-button-text\">D\u00e9couvrir notre offre pour les collectivit\u00e9s<\/span>\n\t\t<\/span>\n\t\t\t\t\t<\/a>\n\t\t<\/div>\n\t\t\t\t<\/div>\n\t\t\t\t<\/div>\n\t\t\t\t\t\t<\/div>\n\t\t\t<\/div>\n\t\t<\/div>\n\t\t\t\t<div class=\"elementor-element elementor-element-0d8c987 elementor-column elementor-col-33 elementor-top-column\" data-id=\"0d8c987\" data-element_type=\"column\">\n\t\t\t<div class=\"elementor-column-wrap  elementor-element-populated\">\n\t\t\t\t\t<div class=\"elementor-widget-wrap\">\n\t\t\t\t<div class=\"elementor-element elementor-element-6641fc8 elementor-button-success elementor-align-center elementor-widget elementor-widget-button\" data-id=\"6641fc8\" data-element_type=\"widget\" data-widget_type=\"button.default\">\n\t\t\t\t<div class=\"elementor-widget-container\">\n\t\t\t\t\t<div class=\"elementor-button-wrapper\">\n\t\t\t<a href=\"#contact\" class=\"elementor-button-link elementor-button elementor-size-sm\" role=\"button\">\n\t\t\t\t\t\t<span class=\"elementor-button-content-wrapper\">\n\t\t\t\t\t\t<span class=\"elementor-button-text\">D\u00e9couvrir notre offre pour les entrepreneurs<\/span>\n\t\t<\/span>\n\t\t\t\t\t<\/a>\n\t\t<\/div>\n\t\t\t\t<\/div>\n\t\t\t\t<\/div>\n\t\t\t\t\t\t<\/div>\n\t\t\t<\/div>\n\t\t<\/div>\n\t\t\t\t<div class=\"elementor-element elementor-element-224a229 elementor-column elementor-col-33 elementor-top-column\" data-id=\"224a229\" data-element_type=\"column\">\n\t\t\t<div class=\"elementor-column-wrap  elementor-element-populated\">\n\t\t\t\t\t<div class=\"elementor-widget-wrap\">\n\t\t\t\t<div class=\"elementor-element elementor-element-4074afd elementor-button-success elementor-align-center elementor-widget elementor-widget-button\" data-id=\"4074afd\" data-element_type=\"widget\" data-widget_type=\"button.default\">\n\t\t\t\t<div class=\"elementor-widget-container\">\n\t\t\t\t\t<div class=\"elementor-button-wrapper\">\n\t\t\t<a href=\"#contact\" class=\"elementor-button-link elementor-button elementor-size-sm\" role=\"button\">\n\t\t\t\t\t\t<span class=\"elementor-button-content-wrapper\">\n\t\t\t\t\t\t<span class=\"elementor-button-text\">D\u00e9couvrir notre offre pour les industriels<\/span>\n\t\t<\/span>\n\t\t\t\t\t<\/a>\n\t\t<\/div>\n\t\t\t\t<\/div>\n\t\t\t\t<\/div>\n\t\t\t\t\t\t<\/div>\n\t\t\t<\/div>\n\t\t<\/div>\n\t\t\t\t\t\t<\/div>\n\t\t\t<\/div>\n\t\t<\/section>\n\t\t\t\t\t\t<\/div>\n\t\t\t<\/div>\n\t\t<\/div>\n\t\t","protected":false},"excerpt":{"rendered":"<p>Collectivit\u00e9s, vous souhaitez acc\u00e9l\u00e9rer la transition \u00e9nerg\u00e9tique sur votre territoire ? Nous accompagnons les collectivit\u00e9s pour les aider \u00e0 identifier les actions les plus efficaces sur leur territoire pour atteindre leurs objectifs locaux li\u00e9s \u00e0 la transition \u00e9nerg\u00e9tique. Entrepreneur, vous souhaitez lever des fonds pour un projet entrepreneurial&nbsp; ? Nous [&hellip;]<\/p>\n","protected":false},"author":1,"featured_media":0,"parent":0,"menu_order":0,"comment_status":"closed","ping_status":"closed","template":"","meta":[],"wppr_data":{"cwp_meta_box_check":"No"},"_links":{"self":[{"href":"https:\/\/www.energies-territoires.com\/index.php\/wp-json\/wp\/v2\/pages\/6"}],"collection":[{"href":"https:\/\/www.energies-territoires.com\/index.php\/wp-json\/wp\/v2\/pages"}],"about":[{"href":"https:\/\/www.energies-territoires.com\/index.php\/wp-json\/wp\/v2\/types\/page"}],"author":[{"embeddable":true,"href":"https:\/\/www.energies-territoires.com\/index.php\/wp-json\/wp\/v2\/users\/1"}],"replies":[{"embeddable":true,"href":"https:\/\/www.energies-territoires.com\/index.php\/wp-json\/wp\/v2\/comments?post=6"}],"version-history":[{"count":17,"href":"https:\/\/www.energies-territoires.com\/index.php\/wp-json\/wp\/v2\/pages\/6\/revisions"}],"predecessor-version":[{"id":55,"href":"https:\/\/www.energies-territoires.com\/index.php\/wp-json\/wp\/v2\/pages\/6\/revisions\/55"}],"wp:attachment":[{"href":"https:\/\/www.energies-territoires.com\/index.php\/wp-json\/wp\/v2\/media?parent=6"}],"curies":[{"name":"wp","href":"https:\/\/api.w.org\/{rel}","templated":true}]}}